{"id":5728,"date":"2021-11-10T12:44:00","date_gmt":"2021-11-10T17:44:00","guid":{"rendered":"https:\/\/duvetnor.com\/wp-content\/uploads\/2021\/11\/Banniere.jpg"},"modified":"2021-11-10T12:44:00","modified_gmt":"2021-11-10T17:44:00","slug":"phare-de-lile-du-pot-a-leau-de-vie-duvetnor-7-2","status":"inherit","type":"attachment","link":"https:\/\/duvetnor.com\/en\/phare-de-lile-du-pot-a-leau-de-vie-duvetnor-7-2\/","title":{"rendered":"Phare de l&#8217;\u00efle du Pot \u00e0 l&#8217;eau-de-vie, Duvetnor"},"author":3,"featured_media":0,"comment_status":"closed","ping_status":"closed","template":"","meta":{"_acf_changed":false,"_monsterinsights_skip_tracking":false,"_monsterinsights_sitenote_active":false,"_monsterinsights_sitenote_note":"","_monsterinsights_sitenote_category":0},"class_list":["post-5728","attachment","type-attachment","status-inherit","hentry"],"acf":[],"aioseo_notices":[],"description":{"rendered":"<p class=\"attachment\"><a href='https:\/\/duvetnor.com\/wp-content\/uploads\/2021\/11\/Banniere.jpg'><img loading=\"lazy\" decoding=\"async\" width=\"250\" height=\"188\" src=\"https:\/\/duvetnor.com\/wp-content\/uploads\/2021\/11\/Banniere-250x188.jpg\" class=\"attachment-medium size-medium\" alt=\"\" srcset=\"https:\/\/duvetnor.com\/wp-content\/uploads\/2021\/11\/Banniere-250x188.jpg 250w, https:\/\/duvetnor.com\/wp-content\/uploads\/2021\/11\/Banniere-120x90.jpg 120w, https:\/\/duvetnor.com\/wp-content\/uploads\/2021\/11\/Banniere.jpg 647w\" sizes=\"auto, (max-width: 250px) 100vw, 250px\" \/><\/a><\/p>\n"},"caption":{"rendered":"nuit\u00e9e au phare de l&#8217;archipel des \u00eeles du Pot \u00e0 l&#8217;eau-de-vie, Soci\u00e9t\u00e9 Duvetnor"},"alt_text":"","media_type":"image","mime_type":"image\/jpeg","media_details":{"width":647,"height":486,"file":"2021\/11\/Banniere.jpg","sizes":{"medium":{"file":"Banniere-250x188.jpg","width":250,"height":188,"mime_type":"image\/jpeg","source_url":"https:\/\/duvetnor.com\/wp-content\/uploads\/2021\/11\/Banniere-250x188.jpg"},"thumbnail":{"file":"Banniere-150x150.jpg","width":150,"height":150,"mime_type":"image\/jpeg","source_url":"https:\/\/duvetnor.com\/wp-content\/uploads\/2021\/11\/Banniere-150x150.jpg"},"small":{"file":"Banniere-120x90.jpg","width":120,"height":90,"mime_type":"image\/jpeg","source_url":"https:\/\/duvetnor.com\/wp-content\/uploads\/2021\/11\/Banniere-120x90.jpg"},"custom-size":{"file":"Banniere-647x200.jpg","width":647,"height":200,"mime_type":"image\/jpeg","source_url":"https:\/\/duvetnor.com\/wp-content\/uploads\/2021\/11\/Banniere-647x200.jpg"},"thumb-accueil":{"file":"Banniere-210x275.jpg","width":210,"height":275,"mime_type":"image\/jpeg","source_url":"https:\/\/duvetnor.com\/wp-content\/uploads\/2021\/11\/Banniere-210x275.jpg"},"thumb-sejour":{"file":"Banniere-485x275.jpg","width":485,"height":275,"mime_type":"image\/jpeg","source_url":"https:\/\/duvetnor.com\/wp-content\/uploads\/2021\/11\/Banniere-485x275.jpg"},"full":{"file":"Banniere.jpg","width":647,"height":486,"mime_type":"image\/jpeg","source_url":"https:\/\/duvetnor.com\/wp-content\/uploads\/2021\/11\/Banniere.jpg"}},"image_meta":{"aperture":"11","credit":"Dany Coulombe","camera":"NIKON D750","caption":"nuit\u00e9e au phare de l'archipel des \u00eeles du Pot \u00e0 l'eau-de-vie, Soci\u00e9t\u00e9 Duvetnor","created_timestamp":"1468084817","copyright":"\u00a9 2016_Dany Coulombe","focal_length":"14","iso":"400","shutter_speed":"0.008","title":"Phare de l'\u00efle du Pot \u00e0 l'eau-de-vie, Duvetnor","orientation":"1","keywords":["Sylvie","portrait"]}},"post":null,"source_url":"https:\/\/duvetnor.com\/wp-content\/uploads\/2021\/11\/Banniere.jpg","_links":{"self":[{"href":"https:\/\/duvetnor.com\/en\/wp-json\/wp\/v2\/media\/5728","targetHints":{"allow":["GET"]}}],"collection":[{"href":"https:\/\/duvetnor.com\/en\/wp-json\/wp\/v2\/media"}],"about":[{"href":"https:\/\/duvetnor.com\/en\/wp-json\/wp\/v2\/types\/attachment"}],"author":[{"embeddable":true,"href":"https:\/\/duvetnor.com\/en\/wp-json\/wp\/v2\/users\/3"}],"replies":[{"embeddable":true,"href":"https:\/\/duvetnor.com\/en\/wp-json\/wp\/v2\/comments?post=5728"}]}}

Phare de l&#8217;ïle du Pot à l&#8217;eau-de-vie, Duvetnor

nuitée au phare de l&#8217;archipel des îles du Pot à l&#8217;eau-de-vie, Société Duvetnor

nuitée au phare de l'archipel des îles du Pot à l'eau-de-vie, Société Duvetnor

Phare de l'ïle du Pot à l'eau-de-vie, Duvetnor
